{"id":5,"date":"2021-01-10T13:53:42","date_gmt":"2021-01-10T13:53:42","guid":{"rendered":"http:\/\/hoffmann-fessner.de\/?page_id=5"},"modified":"2024-04-28T11:36:29","modified_gmt":"2024-04-28T11:36:29","slug":"susanne-hoffmann-fessner","status":"publish","type":"page","link":"https:\/\/hoffmann-fessner.de\/","title":{"rendered":"Susanne Hoffmann-Fessner"},"content":{"rendered":"\n<p style=\"font-size:18px\">Frauen stellen die H\u00e4lfte der Weltbev\u00f6lkerung. Leider werden an vielen Orten der Welt Frauen und M\u00e4dchen unterdr\u00fcckt. Nicht \u00fcberall gibt es ein Grundgesetz das in Artikel 3 bestimmt: &#8222;M\u00e4nner und Frauen sind gleichberechtigt.&#8220; Hier sehe ich meinen politischen Auftrag: Daran zu arbeiten, dass sich die Bestimmung des Artikel 3 mit Leben f\u00fcllt. Frauen und M\u00e4dchen zu f\u00f6rdern, damit sie sich trauen, Verantwortung zu \u00fcbernehmen. Miteinander L\u00f6sungen f\u00fcr Probleme zu suchen und uns gegenseitig zu unterst\u00fctzen anstatt Gr\u00fcnde zu finden, warum Dinge nicht klappen w\u00fcrden.<\/p>\n\n\n\n<p style=\"font-size:18px\">Mehr \u00fcber mich findet Ihr hier&#8230;<\/p>\n\n\n\n<div class=\"wp-block-columns is-layout-flex wp-container-core-columns-is-layout-9d6595d7 wp-block-columns-is-layout-flex\">\n<div class=\"wp-block-column is-layout-flow wp-block-column-is-layout-flow\" style=\"flex-basis:33%\">\n<p><a href=\"http:\/\/hoffmann-fessner.de\/?page_id=220\"><img decoding=\"async\" class=\"wp-image-552\" style=\"width: 400px;\" src=\"http:\/\/hoffmann-fessner.de\/wp-content\/uploads\/4_Susannne-Hoffmann-Fessner-scaled.jpg\" alt=\"\"><\/a><\/p>\n\n\n\n<p style=\"font-size:7px\">Copyright Matthias Gathof<\/p>\n\n\n\n<p class=\"has-regular-font-size\"><strong>Wer ich bin?<\/strong><\/p>\n\n\n\n<p>Ich<\/p>\n\n\n\n<ul class=\"wp-block-list\">\n<li>bin Mutter, Ehefrau, Tochter, Vollzeitbesch\u00e4ftigte, Freundin, Vorsitzende, K\u00f6chin, und vieles mehr<\/li>\n\n\n\n<li>kandidiere bei der Kommunalwahl am 14.3.2021 auf Patz 4 der Liste der SPD Wiesbaden<\/li>\n<\/ul>\n\n\n\n<p><a href=\"http:\/\/hoffmann-fessner.de\/?page_id=220\" data-type=\"page\" data-id=\"220\">Weiterlesen&#8230;&#8230;.<\/a><\/p>\n<\/div>\n\n\n\n<div class=\"wp-block-column is-layout-flow wp-block-column-is-layout-flow\" style=\"flex-basis:33%\">\n<p><a href=\"http:\/\/hoffmann-fessner.de\/?page_id=231\" data-type=\"page\" data-id=\"231\"><img decoding=\"async\" class=\"wp-image-553\" style=\"width: 400px;\" src=\"http:\/\/hoffmann-fessner.de\/wp-content\/uploads\/5_Susanne-Hoffmann-Fessner-scaled.jpg\" alt=\"\"><\/a><\/p>\n\n\n\n<p class=\"has-regular-font-size\"><strong>Wie kam ich zur SPD?<\/strong><\/p>\n\n\n\n<p>Ich<\/p>\n\n\n\n<ul class=\"wp-block-list\">\n<li>Bin 1988 in die SPD eingetreten<\/li>\n\n\n\n<li>habe im Bundestagswahlkampf 1990 Helmut Kohls &#8222;bl\u00fchenden Landschaften&#8220; nicht vertraut<\/li>\n\n\n\n<li><a href=\"http:\/\/hoffmann-fessner.de\/?page_id=231\" data-type=\"page\" data-id=\"231\">Weiterlesen&#8230;&#8230;.<\/a><\/li>\n<\/ul>\n<\/div>\n\n\n\n<div class=\"wp-block-column is-layout-flow wp-block-column-is-layout-flow\" style=\"flex-basis:33%\">\n<p><a href=\"http:\/\/hoffmann-fessner.de\/?page_id=233\"><img decoding=\"async\" class=\"wp-image-553\" style=\"width: 400px;\" src=\"http:\/\/hoffmann-fessner.de\/wp-content\/uploads\/SHF-Erbenheim_neu-scaled.jpg\" alt=\"\"><\/a><\/p>\n\n\n\n<p style=\"font-size:7px\">Copyright Andreas Lendle<\/p>\n\n\n\n<p class=\"has-regular-font-size\"><strong>Was sind meine politischen Ziele?<\/strong><\/p>\n\n\n\n<p>Ich<\/p>\n\n\n\n<ul class=\"wp-block-list\" id=\"block-1357ca32-a423-4d76-b122-8bc52d5ac037\">\n<li>will mehr Mut in der Politik, politische Entscheidungen m\u00fcssen auch dann getroffen werden, wenn sie vermeintlich unpopul\u00e4r sind<\/li>\n\n\n\n<li>m\u00f6chte Bildungsgerechtigkeit f\u00fcr alle Wiesbadener Kinder, das bedeutet f\u00fcr mich: gute Schulr\u00e4ume, optimale Ausstattung und Betreuung. Kein Kind soll wegen seiner Herkunft, Religion, Hautfarbe oder \u00c4hnlichem zur\u00fcckbleiben<\/li>\n<\/ul>\n\n\n\n<p><a href=\"http:\/\/hoffmann-fessner.de\/?page_id=233\" data-type=\"page\" data-id=\"233\">Weiterlesen&#8230;&#8230;.<\/a><\/p>\n<\/div>\n<\/div>\n","protected":false},"excerpt":{"rendered":"<p>Frauen stellen die H\u00e4lfte der Weltbev\u00f6lkerung. Leider werden an vielen Orten der Welt Frauen und M\u00e4dchen unterdr\u00fcckt. Nicht \u00fcberall gibt es ein Grundgesetz das in Artikel 3 bestimmt: &#8222;M\u00e4nner und [&hellip;]<\/p>\n","protected":false},"author":1,"featured_media":0,"parent":0,"menu_order":0,"comment_status":"closed","ping_status":"closed","template":"","meta":{"_EventAllDay":false,"_EventTimezone":"","_EventStartDate":"","_EventEndDate":"","_EventStartDateUTC":"","_EventEndDateUTC":"","_EventShowMap":false,"_EventShowMapLink":false,"_EventURL":"","_EventCost":"","_EventCostDescription":"","_EventCurrencySymbol":"","_EventCurrencyCode":"","_EventCurrencyPosition":"","_EventDateTimeSeparator":"","_EventTimeRangeSeparator":"","_EventOrganizerID":[],"_EventVenueID":[],"_OrganizerEmail":"","_OrganizerPhone":"","_OrganizerWebsite":"","_VenueAddress":"","_VenueCity":"","_VenueCountry":"","_VenueProvince":"","_VenueState":"","_VenueZip":"","_VenuePhone":"","_VenueURL":"","_VenueStateProvince":"","_VenueLat":"","_VenueLng":"","_VenueShowMap":false,"_VenueShowMapLink":false,"footnotes":""},"class_list":["post-5","page","type-page","status-publish","hentry"],"yoast_head":"<!-- This site is optimized with the Yoast SEO plugin v26.8 - https:\/\/yoast.com\/product\/yoast-seo-wordpress\/ -->\n<title>Susanne Hoffmann-Fessner - Susanne Hoffmann-Fessner<\/title>\n<meta name=\"robots\" content=\"index, follow, max-snippet:-1, max-image-preview:large, max-video-preview:-1\" \/>\n<link rel=\"canonical\" href=\"https:\/\/hoffmann-fessner.de\/\" \/>\n<meta property=\"og:locale\" content=\"de_DE\" \/>\n<meta property=\"og:type\" content=\"article\" \/>\n<meta property=\"og:title\" content=\"Susanne Hoffmann-Fessner - Susanne Hoffmann-Fessner\" \/>\n<meta property=\"og:description\" content=\"Frauen stellen die H\u00e4lfte der Weltbev\u00f6lkerung. Leider werden an vielen Orten der Welt Frauen und M\u00e4dchen unterdr\u00fcckt. Nicht \u00fcberall gibt es ein Grundgesetz das in Artikel 3 bestimmt: &#8222;M\u00e4nner und [&hellip;]\" \/>\n<meta property=\"og:url\" content=\"https:\/\/hoffmann-fessner.de\/\" \/>\n<meta property=\"og:site_name\" content=\"Susanne Hoffmann-Fessner\" \/>\n<meta property=\"article:modified_time\" content=\"2024-04-28T11:36:29+00:00\" \/>\n<meta property=\"og:image\" content=\"http:\/\/hoffmann-fessner.de\/wp-content\/uploads\/4_Susannne-Hoffmann-Fessner-scaled.jpg\" \/>\n<meta name=\"twitter:card\" content=\"summary_large_image\" \/>\n<meta name=\"twitter:label1\" content=\"Gesch\u00e4tzte Lesezeit\" \/>\n\t<meta name=\"twitter:data1\" content=\"2\u00a0Minuten\" \/>\n<script type=\"application\/ld+json\" class=\"yoast-schema-graph\">{\"@context\":\"https:\/\/schema.org\",\"@graph\":[{\"@type\":\"WebPage\",\"@id\":\"https:\/\/hoffmann-fessner.de\/\",\"url\":\"https:\/\/hoffmann-fessner.de\/\",\"name\":\"Susanne Hoffmann-Fessner - Susanne Hoffmann-Fessner\",\"isPartOf\":{\"@id\":\"https:\/\/hoffmann-fessner.de\/#website\"},\"primaryImageOfPage\":{\"@id\":\"https:\/\/hoffmann-fessner.de\/#primaryimage\"},\"image\":{\"@id\":\"https:\/\/hoffmann-fessner.de\/#primaryimage\"},\"thumbnailUrl\":\"http:\/\/hoffmann-fessner.de\/wp-content\/uploads\/4_Susannne-Hoffmann-Fessner-scaled.jpg\",\"datePublished\":\"2021-01-10T13:53:42+00:00\",\"dateModified\":\"2024-04-28T11:36:29+00:00\",\"breadcrumb\":{\"@id\":\"https:\/\/hoffmann-fessner.de\/#breadcrumb\"},\"inLanguage\":\"de\",\"potentialAction\":[{\"@type\":\"ReadAction\",\"target\":[\"https:\/\/hoffmann-fessner.de\/\"]}]},{\"@type\":\"ImageObject\",\"inLanguage\":\"de\",\"@id\":\"https:\/\/hoffmann-fessner.de\/#primaryimage\",\"url\":\"http:\/\/hoffmann-fessner.de\/wp-content\/uploads\/4_Susannne-Hoffmann-Fessner-scaled.jpg\",\"contentUrl\":\"http:\/\/hoffmann-fessner.de\/wp-content\/uploads\/4_Susannne-Hoffmann-Fessner-scaled.jpg\"},{\"@type\":\"BreadcrumbList\",\"@id\":\"https:\/\/hoffmann-fessner.de\/#breadcrumb\",\"itemListElement\":[{\"@type\":\"ListItem\",\"position\":1,\"name\":\"Startseite\",\"item\":\"https:\/\/hoffmann-fessner.de\/\"},{\"@type\":\"ListItem\",\"position\":2,\"name\":\"Susanne Hoffmann-Fessner\"}]},{\"@type\":\"WebSite\",\"@id\":\"https:\/\/hoffmann-fessner.de\/#website\",\"url\":\"https:\/\/hoffmann-fessner.de\/\",\"name\":\"Susanne Hoffmann-Fessner\",\"description\":\"\",\"publisher\":{\"@id\":\"https:\/\/hoffmann-fessner.de\/#\/schema\/person\/2df4f7f5132f93adf6058efe07541a2d\"},\"potentialAction\":[{\"@type\":\"SearchAction\",\"target\":{\"@type\":\"EntryPoint\",\"urlTemplate\":\"https:\/\/hoffmann-fessner.de\/?s={search_term_string}\"},\"query-input\":{\"@type\":\"PropertyValueSpecification\",\"valueRequired\":true,\"valueName\":\"search_term_string\"}}],\"inLanguage\":\"de\"},{\"@type\":[\"Person\",\"Organization\"],\"@id\":\"https:\/\/hoffmann-fessner.de\/#\/schema\/person\/2df4f7f5132f93adf6058efe07541a2d\",\"name\":\"SusanneAdmin1963\",\"image\":{\"@type\":\"ImageObject\",\"inLanguage\":\"de\",\"@id\":\"https:\/\/hoffmann-fessner.de\/#\/schema\/person\/image\/\",\"url\":\"https:\/\/secure.gravatar.com\/avatar\/25c3c22a0e6384a630767a9f9dac58d07da1a4000113f8ee3ee81ae797d8a025?s=96&d=mm&r=g\",\"contentUrl\":\"https:\/\/secure.gravatar.com\/avatar\/25c3c22a0e6384a630767a9f9dac58d07da1a4000113f8ee3ee81ae797d8a025?s=96&d=mm&r=g\",\"caption\":\"SusanneAdmin1963\"},\"logo\":{\"@id\":\"https:\/\/hoffmann-fessner.de\/#\/schema\/person\/image\/\"},\"sameAs\":[\"http:\/\/hoffmann-fessner.de\"]}]}<\/script>\n<!-- \/ Yoast SEO plugin. -->","yoast_head_json":{"title":"Susanne Hoffmann-Fessner - Susanne Hoffmann-Fessner","robots":{"index":"index","follow":"follow","max-snippet":"max-snippet:-1","max-image-preview":"max-image-preview:large","max-video-preview":"max-video-preview:-1"},"canonical":"https:\/\/hoffmann-fessner.de\/","og_locale":"de_DE","og_type":"article","og_title":"Susanne Hoffmann-Fessner - Susanne Hoffmann-Fessner","og_description":"Frauen stellen die H\u00e4lfte der Weltbev\u00f6lkerung. Leider werden an vielen Orten der Welt Frauen und M\u00e4dchen unterdr\u00fcckt. Nicht \u00fcberall gibt es ein Grundgesetz das in Artikel 3 bestimmt: &#8222;M\u00e4nner und [&hellip;]","og_url":"https:\/\/hoffmann-fessner.de\/","og_site_name":"Susanne Hoffmann-Fessner","article_modified_time":"2024-04-28T11:36:29+00:00","og_image":[{"url":"http:\/\/hoffmann-fessner.de\/wp-content\/uploads\/4_Susannne-Hoffmann-Fessner-scaled.jpg","type":"","width":"","height":""}],"twitter_card":"summary_large_image","twitter_misc":{"Gesch\u00e4tzte Lesezeit":"2\u00a0Minuten"},"schema":{"@context":"https:\/\/schema.org","@graph":[{"@type":"WebPage","@id":"https:\/\/hoffmann-fessner.de\/","url":"https:\/\/hoffmann-fessner.de\/","name":"Susanne Hoffmann-Fessner - Susanne Hoffmann-Fessner","isPartOf":{"@id":"https:\/\/hoffmann-fessner.de\/#website"},"primaryImageOfPage":{"@id":"https:\/\/hoffmann-fessner.de\/#primaryimage"},"image":{"@id":"https:\/\/hoffmann-fessner.de\/#primaryimage"},"thumbnailUrl":"http:\/\/hoffmann-fessner.de\/wp-content\/uploads\/4_Susannne-Hoffmann-Fessner-scaled.jpg","datePublished":"2021-01-10T13:53:42+00:00","dateModified":"2024-04-28T11:36:29+00:00","breadcrumb":{"@id":"https:\/\/hoffmann-fessner.de\/#breadcrumb"},"inLanguage":"de","potentialAction":[{"@type":"ReadAction","target":["https:\/\/hoffmann-fessner.de\/"]}]},{"@type":"ImageObject","inLanguage":"de","@id":"https:\/\/hoffmann-fessner.de\/#primaryimage","url":"http:\/\/hoffmann-fessner.de\/wp-content\/uploads\/4_Susannne-Hoffmann-Fessner-scaled.jpg","contentUrl":"http:\/\/hoffmann-fessner.de\/wp-content\/uploads\/4_Susannne-Hoffmann-Fessner-scaled.jpg"},{"@type":"BreadcrumbList","@id":"https:\/\/hoffmann-fessner.de\/#breadcrumb","itemListElement":[{"@type":"ListItem","position":1,"name":"Startseite","item":"https:\/\/hoffmann-fessner.de\/"},{"@type":"ListItem","position":2,"name":"Susanne Hoffmann-Fessner"}]},{"@type":"WebSite","@id":"https:\/\/hoffmann-fessner.de\/#website","url":"https:\/\/hoffmann-fessner.de\/","name":"Susanne Hoffmann-Fessner","description":"","publisher":{"@id":"https:\/\/hoffmann-fessner.de\/#\/schema\/person\/2df4f7f5132f93adf6058efe07541a2d"},"potentialAction":[{"@type":"SearchAction","target":{"@type":"EntryPoint","urlTemplate":"https:\/\/hoffmann-fessner.de\/?s={search_term_string}"},"query-input":{"@type":"PropertyValueSpecification","valueRequired":true,"valueName":"search_term_string"}}],"inLanguage":"de"},{"@type":["Person","Organization"],"@id":"https:\/\/hoffmann-fessner.de\/#\/schema\/person\/2df4f7f5132f93adf6058efe07541a2d","name":"SusanneAdmin1963","image":{"@type":"ImageObject","inLanguage":"de","@id":"https:\/\/hoffmann-fessner.de\/#\/schema\/person\/image\/","url":"https:\/\/secure.gravatar.com\/avatar\/25c3c22a0e6384a630767a9f9dac58d07da1a4000113f8ee3ee81ae797d8a025?s=96&d=mm&r=g","contentUrl":"https:\/\/secure.gravatar.com\/avatar\/25c3c22a0e6384a630767a9f9dac58d07da1a4000113f8ee3ee81ae797d8a025?s=96&d=mm&r=g","caption":"SusanneAdmin1963"},"logo":{"@id":"https:\/\/hoffmann-fessner.de\/#\/schema\/person\/image\/"},"sameAs":["http:\/\/hoffmann-fessner.de"]}]}},"_links":{"self":[{"href":"https:\/\/hoffmann-fessner.de\/index.php?rest_route=\/wp\/v2\/pages\/5","targetHints":{"allow":["GET"]}}],"collection":[{"href":"https:\/\/hoffmann-fessner.de\/index.php?rest_route=\/wp\/v2\/pages"}],"about":[{"href":"https:\/\/hoffmann-fessner.de\/index.php?rest_route=\/wp\/v2\/types\/page"}],"author":[{"embeddable":true,"href":"https:\/\/hoffmann-fessner.de\/index.php?rest_route=\/wp\/v2\/users\/1"}],"replies":[{"embeddable":true,"href":"https:\/\/hoffmann-fessner.de\/index.php?rest_route=%2Fwp%2Fv2%2Fcomments&post=5"}],"version-history":[{"count":131,"href":"https:\/\/hoffmann-fessner.de\/index.php?rest_route=\/wp\/v2\/pages\/5\/revisions"}],"predecessor-version":[{"id":2210,"href":"https:\/\/hoffmann-fessner.de\/index.php?rest_route=\/wp\/v2\/pages\/5\/revisions\/2210"}],"wp:attachment":[{"href":"https:\/\/hoffmann-fessner.de\/index.php?rest_route=%2Fwp%2Fv2%2Fmedia&parent=5"}],"curies":[{"name":"wp","href":"https:\/\/api.w.org\/{rel}","templated":true}]}}